is the ten millions digit of 2814486911?
1
What is the hundreds digit of 94833997?
9
What is the millions digit of 974295569?
4
What is the millions digit of 1848263763?
8
What is the hundreds digit of 10926920?
9
What is the units digit of 15576361?
1
What is the hundred thousands digit of 17538993?
5
What is the ten millions digit of 60135684?
6
What is the ten thousands digit of 19020983?
2
What is the thousands digit of 105265672?
5
What is the hundreds digit of 24169964?
9
What is the tens digit of 24105467?
6
What is the thousands digit of 543802612?
2
What is the hundreds digit of 1621998551?
5
What is the units digit of 200979573?
3
What is the hundreds digit of 681537754?
7
What is the hundreds digit of 2841635123?
1
What is the tens digit of 82654444?
4
What is the hundred thousands digit of 365647?
3
What is the tens digit of 856011906?
0
What is the thousands digit of 2418580600?
0
What is the ten millions digit of 352014915?
5
What is the thousands digit of 1867506641?
6
What is the hundred millions digit of 1599836494?
5
What is the hundred thousands digit of 13870722?
8
What is the hundred thousands digit of 1027650971?
6
What is the thousands digit of 4935006?
5
What is the units digit of 706246353?
3
What is the hundreds digit of 654994?
9
What is the hundred thousands digit of 221923868?
9
What is the billions digit of 4405617941?
4
What is the millions digit of 131083029?
1
What is the millions digit of 34191045?
4
What is the thousands digit of 4889674926?
4
What is the hundreds digit of 182801206?
2
What is the millions digit of 480826441?
0
What is the hundreds digit of 1232231877?
8
What is the units digit of 5456815?
5
What is the tens digit of 22803449?
4
What is the millions digit of 19825007?
9
What is the thousands digit of 1653509399?
9
What is the hundred millions digit of 392219734?
3
What is the millions digit of 489643794?
9
What is the ten thousands digit of 507980928?
8
What is the hundred thousands digit of 146255588?
2
What is the ten thousands digit of 72834288?
3
What is the ten millions digit of 17912379?
1
What is the hundred thousands digit of 22116892?
1
What is the millions digit of 335527795?
5
What is the hundred thousands digit of 124395348?
3
What is the ten millions digit of 5200588735?
0
What is the thousands digit of 581287283?
7
What is the tens digit of 661655172?
7
What is the thousands digit of 51385401?
5
What is the billions digit of 5270303049?
5
What is the hundreds digit of 154068895?
8
What is the tens digit of 426705831?
3
What is the ten millions digit of 1830703641?
3
What is the thousands digit of 5359146016?
6
What is the tens digit of 1065049842?
4
What is the hundred thousands digit of 1812393865?
3
What is the units digit of 20841136?
6
What is the tens digit of 363695665?
6
What is the millions digit of 529221638?
9
What is the millions digit of 277020970?
7
What is the hundreds digit of 2903944453?
4
What is the hundred millions digit of 5193657785?
1
What is the units digit of 3895778279?
9
What is the thousands digit of 1513914966?
4
What is the tens digit of 3685791218?
1
What is the ten millions digit of 517553625?
1
What is the units digit of 4503466110?
0
What is the millions digit of 1048383332?
8
What is the thousands digit of 9901795?
1
What is the hundred thousands digit of 471610187?
6
What is the tens digit of 759403107?
0
What is the units digit of 1403854327?
7
What is the tens digit of 134457528?
2
What is the billions digit of 1256390253?
1
What is the tens digit of 219275123?
2
What is the thousands digit of 2584467338?
7
What is the millions digit of 1834938518?
4
What is the hundreds digit of 630280039?
0
What is the ten thousands digit of 10801532?
0
What is the thousands digit of 59545697?
5
What is the tens digit of 711146802?
0
What is the millions digit of 223200972?
3
What is the tens digit of 2226143153?
5
What is the hundreds digit of 6639618?
6
What is the hundreds digit of 9176343?
3
What is the millions digit of 1375331049?
5
What is the ten millions digit of 1510186071?
1
What is the units digit of 116297019?
9
What is the ten millions digit of 273519839?
7
What is the hundreds digit of 43976435?
4
What is the hundred thousands digit of 300231148?
2
What is the units digit of 234861347?
7
What is the hundreds digit of 50127203?
2
What is the thousands digit of 39360027?
0
What is the ten thousands digit of 1215412662?
1
What is the thousands digit of 202311415?
1
What is the hundreds digit of 107076857?
8
What is the ten millions digit of 25065916?
2
What is the thousands digit of 2013563516?
3
What is the units digit of 220260011?
1
What is the hundred millions digit of 4671619913?
6
What is the millions digit of 96703385?
6
What is the hundred thousands digit of 37696677?
6
What is the ten thousands digit of 287435635?
3
What is the ten millions digit of 990506866?
9
What is the hundreds digit of 20742224?
2
What is the ten thousands digit of 107016565?
1
What is the units digit of 530277825?
5
What is the hundred thousands digit of 26183196?
1
What is the billions digit of 3333434412?
3
What is the hundred millions digit of 996560150?
9
What is the tens digit of 1164919858?
5
What is the tens digit of 454395357?
5
What is the thousands digit of 1976672754?
2
What is the tens digit of 7809403656?
5
What is the hundreds digit of 203185911?
9
What is the tens digit of 44759983?
8
What is the thousands digit of 926502742?
2
What is the hundred millions digit of 347691241?
3
What is the thousands digit of 988422?
8
What is the millions digit of 3953601528?
3
What is the hundreds digit of 2263849314?
3
What is the tens digit of 3664547250?
5
What is the ten thousands digit of 5823615346?
1
What is the ten millions digit of 10623547?
1
What is the units digit of 416939017?
7
What is the tens digit of 7205947390?
9
What is the hundreds digit of 179892936?
9
What is the thousands digit of 32120588?
0
What is the units digit of 2659458550?
0
What is the ten thousands digit of 1058763563?
6
What is the hundreds digit of 255761309?
3
What is the billions digit of 1650142831?
1
What is the hundred millions digit of 6502444434?
5
What is the hundred millions digit of 666496203?
6
What is the units digit of 56594954?
4
What is the units digit of 1237974752?
2
What is the hundred millions digit of 517037661?
5
What is the hundred millions digit of 241412748?
2
What is the millions digit of 371410979?
1
What is the millions digit of 466237088?
6
What is the ten thousands digit of 1943100087?
0
What is the units digit of 133377494?
4
What is the hundred millions digit of 304395581?
3
What is the ten thousands digit of 34311505?
1
What is the tens digit of 46978601?
0
What is the ten millions digit of 391589697?
9
What is the millions digit of 2175765839?
5
What is the hundred thousands digit of 43459807?
4
What is the hundreds digit of 7526968?
9
What is the millions digit of 4679558020?
9
What is the ten thousands digit of 15347717?
4
What is the ten millions digit of 1234055326?
3
What is the ten millions digit of 3117606542?
1
What is the hundreds digit of 228191010?
0
What is the ten thousands digit of 5655525025?
2
What is the hundred millions digit of 595584004?
5
What is the ten thousands digit of 1934282495?
8
What is the hundreds digit of 6403155904?
9
What is the millions digit of 12328748?
2
What is the ten millions digit of 389306041?
8
What is the ten thousands digit of 615070917?
7
What is the hundreds digit of 2001977160?
1
What is the units digit of 73257673?
3
What is the thousands digit of 61480073?
0
What is the hundreds digit of 77768014?
0
What is the ten thousands digit of 1466128192?
2
What is the ten millions digit of 77826804?
7
What is the ten thousands digit of 15648280?
4
What is the millions digit of 92031313?
2
What is the hundred thousands digit of 12072441?
0
What is the millions digit of 17843451?
7
What is the millions digit of 9573073?
9
What is the tens digit of 982558978?
7
What is the ten millions digit of 3715341422?
1
What is the tens digit of 43885219?
1
What is the millions digit of 123786782?
3
What is the hundred thousands digit of 2082220355?
2
What is the hundred thousands digit of 638885956?
8
What is the t